vided by 128?
125
Let b = 1163 - 1127. What is the remainder when b is divided by ((-3)/(-2))/(2/4)?
0
What is the remainder when 3 + (-9861)/(-36) - 18/(-216) is divided by 27?
7
Suppose 415 = 3*f + 139. Suppose -f = -9*b + 178. Calculate the remainder when b is divided by (-1 + 4)*(-11)/(-3).
8
Suppose 0 = -2*z - b + 1329, 2592 = 5*z - 2*b - 744. Suppose -4*i = -13*i + z. What is the remainder when i is divided by 41?
33
Let k(h) = -1784*h + 35698. Let l = -3 + 2. What is the remainder when k(20) is divided by (l - -5)*10/8?
3
Let h = -58728 - -59278. Suppose -5*u - 4 = -149. Calculate the remainder when h is divided by u.
28
Let z be -2 + (-9)/(45/(-1735)). Suppose -z - 279 = -26*k. What is the remainder when k is divided by 18?
6
Let c(a) = -16*a**3 + a**2 - a - 1. Let k(p) = 125*p + 13028. What is the remainder when k(-104) is divided by c(-1)?
11
Suppose 43*d - 41*d - 14 = 0, 5*o - 256 = -3*d. What is the remainder when 1086 is divided by o?
5
Let f = -176 + 254. Let u = 81 - f. Suppose 0 = j + 5*r - u*r - 46, -3*j + 130 = 4*r. Calculate the remainder when 151 is divided by j.
37
Suppose -4*z + 77 = 5*x - 2*x, -4*z + 3*x + 83 = 0. Let t = -3543 - -3618. What is the remainder when t is divided by z?
15
Suppose 2*s - 3 = 3*q, -6*s + 17 = -2*s + 5*q. Suppose 3*v = -9, -3*d - s*v - 37 = -7*d. What is the remainder when 8 is divided by d?
1
Suppose -w - 5*c = -80, 4*w = c + 74 + 120. Let u(l) = 180*l - 14. Calculate the remainder when u(2) is divided by w.
46
Suppose -2*w = 5*i - 85, 52*w = 49*w - i + 108. Suppose 44 = 6*d + 8. Calculate the remainder when w is divided by d.
5
What is the remainder when 877 is divided by ((-6)/9)/((-17453)/831 - -21)?
46
Suppose -6*f + 2*f = -l + 2543, 3*l - f = 7607. Calculate the remainder when l is divided by 8.
7
Let r(y) = 22*y**2 - 60*y - 76. Calculate the remainder when 182 is divided by r(5).
8
Suppose -4*q + 31*q - 1680 = 7*q. What is the remainder when 160 is divided by q?
76
Let y(o) = -55*o - 769. Suppose -5*h = -14 - 51. Calculate the remainder when y(-39) is divided by h.
11
Let y(s) = -579*s**3 + 2*s**2 + 32*s + 30. What is the remainder when y(-1) is divided by 73?
68
Suppose 0 = -7179*k + 7168*k + 20922. Calculate the remainder when k is divided by 15.
12
Let v = 11233 - 6273. Suppose -21*w + v = -w. What is the remainder when w is divided by 50?
48
Let s = -91 + 98. Let u(p) = -p**2 + s*p**2 + 3*p - 2*p**2 - 7. What is the remainder when 43 is divided by u(2)?
13
Let h(t) be the first derivative of t**2 - 3*t - 177. Let b(n) = -2*n - 3. Let a be b(-4). What is the remainder when 27 is divided by h(a)?
6
Let f(h) = 4*h + 110. Let c be (1 - 1)*-3*2/(-6). Calculate the remainder when f(c) is divided by 32.
14
Calculate the remainder when (-46)/(-23) - 64/36 - 214/(-9) is divided by 14.
10
Let n be 262/1703 - (1 + 1738/(-26)). Suppose -2*r - 131 = -5*t, 3*t + 4*r - r = n. What is the remainder when t is divided by 21?
4
Let y = 6654 - 6617. Calculate the remainder when 101 is divided by y.
27
Suppose 2*g - 4*c = 12, -2*g = -4*g - 5*c - 15. Suppose g = 3*b + o - 1230 + 412, 0 = 2*o + 8. Calculate the remainder when b is divided by 55.
54
Let d(u) = -u**3 + 10*u**2 + u - 47. Let h be d(9). Suppose 47*r - h*r = 20. Calculate the remainder when ((-32)/1)/(-1) - -1 is divided by r.
3
Suppose -5*d = 3*p - 6, 0 = p - 2*d + 7*d - 12. Let t = 1931 - 1907. What is the remainder when (4 + p)*(-45)/(-1) is divided by t?
21
Calculate the remainder when 959 is divided by (-2)/(-2 - -14)*(-46 + 28).
2
Let b(x) = -193*x - 566. Calculate the remainder when 233 is divided by b(-3).
12
Let p(f) = -3*f**2 + 145*f - 1053. Suppose 0*h = 5*h - 160. Calculate the remainder when h is divided by p(9).
5
Let u = -3524 - -3703. Calculate the remainder when 395 is divided by u.
37
Suppose -4*l = 2*o - 8*l - 140, 2*l = 2*o - 130. Suppose o = 2*v - 36. Let n(s) = 4239*s + 16973. Calculate the remainder when v is divided by n(-4).
14
Let q = 1066 - 597. Suppose -3*x - 243 = 3*t, 4*x - t - 150 + q = 0. Let a = x + 105. What is the remainder when a is divided by 9?
7
Suppose -138 = -158*s + 135*s. Let h be 26/4 + 3/(-6). Calculate the remainder when 35 is divided by s/(((-45)/h)/(-5)).
3
Let s = 391 - 339. Suppose -2*x + 4*b = 2*b - s, -2*x + 55 = b. Calculate the remainder when 240 is divided by x.
24
Let b = 13 - -6. Let t = b - 2. Let g = -9659 - -9737. Calculate the remainder when g is divided by t.
10
Suppose -12*r - 496 = 248. Let b = r - -101. Calculate the remainder when 77 is divided by b.
38
Suppose -7*q + 6*q = -3. Suppose j = -4*o + 103, o - 192 = -q*j + 95. Calculate the remainder when j is divided by (-999)/(-21) - (-6)/14.
47
Let h(v) = -v**2 + 51*v + 623. Calculate the remainder when h(58) is divided by 36.
1
Suppose -3*m - 59 + 143 = 0. What is the remainder when (m/(-14))/((-2)/((-88)/(-1))) is divided by 46?
42
Let a(b) be the second derivative of 17/2*b**2 + 5/2*b**3 + 0 - 1/6*b**4 - 15*b. What is the remainder when 24 is divided by a(8)?
6
Calculate the remainder when 453 is divided by -3*(-3)/27 - (-2 - 112/6).
12
Suppose -2*c + 113*c - 826 + 160 = 0. What is the remainder when 196 is divided by c?
4
Let m(r) = -986*r + 394. Calculate the remainder when m(-1) is divided by 18.
12
Calculate the remainder when 4117 is divided by 11 + ((-350)/(-10) - 6).
37
Let w(x) = 385*x + 1033. Calculate the remainder when w(2) is divided by 32.
11
Suppose -833*r + 4 = -835*r, -5*f + 2624 = 3*r. Calculate the remainder when f is divided by 228.
70
Let d = 4492 + -3716. Calculate the remainder when d is divided by 50.
26
Suppose b = 3*b - 7*b + 2455. What is the remainder when b is divided by 243?
5
Suppose 94 - 353 = -7*n. What is the remainder when (1 - (-33)/(-6))*-20 is divided by n?
16
Suppose -5*t + 12 = -43. Suppose 366 = 5*f + 3*k, 3*k + t = 2. What is the remainder when f is divided by 31?
13
Let f = -155 + 342. Suppose -7*g = 10*g - f. What is the remainder when 14 is divided by g?
3
Let t = 2409 - 2212. Calculate the remainder when 582 is divided by t.
188
Let k(x) = 3*x - 290. Let b be k(0). Let s = 444 + b. Let w = -45 - -84. Calculate the remainder when s is divided by w.
37
Suppose 0 = t - 5*x - 125, -5*t - x - 2*x + 569 = 0. What is the remainder when t is divided by 6/(-8) + 275/20?
11
Suppose h - 45 = 47. Suppose -1116 = 13*a - 7*a. Let x = -155 - a. What is the remainder when h is divided by x?
30
Suppose -4*m = -51 + 7. Suppose -m - 33 = -4*w. Suppose -b + 4*p = -80 - 8, -103 = -b + p. What is the remainder when b is divided by w?
9
Suppose 0 = 224*n - 217*n + 3*g - 13243, 2*g + 9480 = 5*n. Calculate the remainder when n is divided by 500.
394
Let b = -81 - -82. Let a = b + 31. What is the remainder when 91 is divided by a?
27
Suppose 5*i + 13*z - 35 = 8*z, 5*i - 65 = 5*z. Suppose -i*v + 0*v + 30 = 0. Calculate the remainder when 16 is divided by v.
1
Suppose 46 = 4*j - 3*i - 116, -3*j - 4*i = -84. What is the remainder when 4858 is divided by j?
34
Suppose c - 5*r = 2847, 0*c - 3*r + 14207 = 5*c. Suppose -2*h = 12*h - c. Calculate the remainder when h is divided by 270/8 + 7/28.
33
Let b(v) = 3*v**2 + 7*v + 7. Suppose 5*p - 3 = -3*c, -3*p + 0*p = 4*c - 4. Let f(q) = q**3 - 2*q + 76. Calculate the remainder when f(p) is divided by b(-3).
11
Suppose -j - 3*o - 21 = -161, o - 700 = -5*j. Calculate the remainder when 284 is divided by j.
4
Let u(s) = -8*s - 23. Let b be u(-4). Suppose -b*m = 13*m - 594. What is the remainder when 241 is divided by m?
25
Let z be -3*(-3 + -2 + (-28)/(-6)). Suppose -9 = -2*g + c + z, 0 = -5*g - c + 11. Let s = 21 - 7. What is the remainder when s is divided by g?
2
Let w(k) = -k**3 + k. Let s be w(-1). Suppose 57*q - 51*q - 762 = s. What is the remainder when q is divided by 44?
39
Let d = -246 - -192. What is the remainder when (3 + 27)/(-6) - d is divided by 15?
4
Let g(q) = -524*q - 3057. Calculate the remainder when g(-6) is divided by 50.
37
Let h(m) = m**3 + 2*m**2 - 22*m - 4. Let o be h(4). Let p(r) = 33*r - 122. What is the remainder when p(o) is divided by 3?
1
What is the remainder when (-30)/(-45)*9/(-12)*(1 + -2085) is divided by 149?
148
Let w = -38 + 81. Calculate the remainder when 125 is divided by w.
39
Let o be 14/91 - (-45234)/39. Suppose 0*j = 2*j + o